et o be i(-6). Let y = r - o. What is the tens digit of y?
4
Let u be (4/2)/(-2 - 240/(-115)). Let c(f) = 130*f + 16. Let j be c(u). Suppose 13*r = -900 + j. What is the hundreds digit of r?
1
Suppose q - 8062 = -2*g + 22858, -3*g - 3*q = -46371. What is the units digit of g?
3
Suppose 0 = 18*z - 21265 - 58115. Suppose -p = 8*p - z. What is the tens digit of p?
9
Suppose 291243 = 198*s - 712099 - 1673222. What is the tens digit of s?
1
Let m = 23 - 20. Suppose m*b - 323 + 95 = -p, 4*p - 925 = b. Let q = -134 + p. What is the units digit of q?
7
Let b be (-3)/(140/45 + -3). Let w = b + 32. Let q(r) = 12*r - 10. What is the units digit of q(w)?
0
Suppose -37*m - 16 = -41*m. Suppose -m*f = 4*a - 604, 0*f - 5*f = -3*a + 493. What is the units digit of a?
6
Let s(c) = -7*c**2 + 13*c + 41. Let y be s(14). Let o = -658 - y. What is the hundreds digit of o?
4
Let q(g) = -g - 10. Let l be q(-16). What is the thousands digit of 7/(70/l)*-5 + 1224?
1
Let t(f) = 30*f**2 - 3*f + 6. Suppose 18*y + 63 + 9 = 0. What is the hundreds digit of t(y)?
4
Suppose -13*x - 126755 + 198748 + 318358 = 0. What is the units digit of x?
7
What is the hundreds digit of ((-1929969)/2322)/((-3 - -1*4)/(-102))?
7
Let w(u) = 798*u + 874. What is the tens digit of w(7)?
6
Let o(h) = -10*h**2 + 6*h + 13. Let p be (-6)/(-4)*(-112)/42. Let u be o(p). Let n = -92 - u. What is the tens digit of n?
7
Let w(v) = 84*v - 4. Let k be w(3). Suppose 5*l + 5*s + 1129 = 289, -6 = -2*s. Let m = k + l. What is the units digit of m?
7
Suppose 4 + 8 = 3*u. Let q = 23 - 20. Suppose u*a = q*a + 93. What is the units digit of a?
3
Suppose 104*a - 31957 - 72161 = -7*a. What is the units digit of a?
8
Suppose -3*o = -18*n + 21*n - 18021, 3*o - 18025 = -5*n. What is the tens digit of o?
0
Let l(s) = 1692*s + 16316. What is the ten thousands digit of l(28)?
6
Let c = -6185 + 9573. What is the thousands digit of c?
3
Let p(t) = t**3 + 9*t**2 - 15*t - 44. Let s be p(-10). Suppose 0 = s*o - 5 - 277. What is the tens digit of o?
4
Suppose y + 363 = 3*s, -2*s - 271 = y + 82. Let w be (-2 - 211) + 30 + -44. Let o = w - y. What is the hundreds digit of o?
1
Suppose -w = 4*w - 25. Let l = -558 + 638. Suppose q + 2*v = l, -5*q + w*v = v - 330. What is the units digit of q?
0
Let b = -11488 - -32596. What is the units digit of b?
8
Let z be 2162/3 + (-16)/24. Suppose 68*y = 63*y + z. What is the units digit of 0 + y + 2/2?
5
Let d = 115265 - 58739. What is the units digit of d?
6
Suppose 9*s - 63325 = -12052. Let x be ((-2)/6)/((-3)/s) - 0. Suppose 9*l - 177 - x = 0. What is the units digit of l?
0
Let h be ((24/(-5))/2)/((-10)/575). Suppose t + 5*z - h = 0, 28 + 108 = t + 4*z. What is the hundreds digit of t?
1
Let v be (-13 + 11)/((-2)/(-16) - 0). Let k = v + 20. What is the units digit of 136 - (-3 + (k - 1))?
6
What is the units digit of 2/(3 - 5)*-149?
9
Suppose -403806 = -11*r - 67*r. What is the units digit of r?
7
Let z be (5/20)/(-2*4/(-64)). Suppose -b + 291 = -2*g - 120, 828 = 2*b - z*g. What is the units digit of b?
7
What is the units digit of 14 - 38/(-19)*14174?
2
Let a be ((-2274)/(-9))/(22/33). Suppose 2169 = -a*p + 382*p. What is the tens digit of p?
2
Suppose q - 336 = -2*q. Suppose -3*o = 2*h - 25, -3*h + 2*h - 5*o = -30. Suppose 593 + q = h*j - 5*u, 4*u = -2*j + 312. What is the hundreds digit of j?
1
Suppose 27*z + 45792 = 51*z. Suppose 82*u - 78*u - z = 0. What is the tens digit of u?
7
Suppose 0 = -2*y + k - 197 + 983, -786 = -2*y - k. Let w = 950 - y. What is the units digit of w?
7
Let p = 30717 + -24997. What is the tens digit of p?
2
Suppose 0 = -38*h - 7 + 7. What is the hundreds digit of (22148/(-147))/((-4)/6 + h)?
2
Let l(p) = -p**3 + 12*p**2 - 22*p + 23. Let j be l(10). Suppose 1323 = 6*g + j*g. What is the hundreds digit of g?
1
Let d = -4925 - -7398. What is the units digit of d?
3
Let h(o) = 2544*o - 3317. What is the thousands digit of h(7)?
4
Suppose 0 = -3*z + r + 186149, 10*z = 15*z - 3*r - 310247. What is the tens digit of z?
5
Suppose -88 = -3*x + 2*x. Let q = x + -77. Suppose q*n = 953 + 576. What is the units digit of n?
9
Let a = 211026 - 135458. What is the units digit of a?
8
Let y(q) = -2*q + 2. Let b be y(2). Let g = -2142 + 2138. What is the tens digit of (69 - b) + g + 3?
7
Suppose -6*j + 15345 = -17235. Suppose -5*u + j = 10*u. What is the units digit of u?
2
Suppose 0 = 12042*c - 12041*c - 6555. What is the units digit of c?
5
Suppose -3*h - 2*b + 298 + 1696 = 0, -4*h + 2682 = -2*b. Let p be h/(-20) + 18/(-30). What is the units digit of 4 - (-132)/(-34) - 98/p?
3
Suppose -2*r - 5*b + 3592 = -b, 3*r + 2*b - 5380 = 0. What is the hundreds digit of r?
7
Let h = 419 + -241. Suppose 13*b - 914 = h. What is the tens digit of b?
8
Suppose 4*k - 3*w + 15 = 0, -2*w - 3*w = 15. Let i(a) = 10*a + 11. Let b be i(k). Let z = b - -110. What is the tens digit of z?
6
What is the tens digit of 7/(364/8) - (25956/(-117) + 3)?
1
Suppose -4 = -w - 5*l, -4*w + 23 - 7 = -5*l. Suppose 2*i + 7*y - 2*y = 10, -4*i + 38 = y. Suppose -i*z - w = -1464. What is the tens digit of z?
4
Let q(z) = -2333*z - 5715. What is the tens digit of q(-9)?
8
Suppose 2*x - 450 = 8*x. Let u be (-10)/x + 2/(-15). Suppose 5*g - 3*c - 310 = -u*g, -4*g - c + 231 = 0. What is the units digit of g?
9
What is the hundreds digit of 558/465*39730/4?
9
Let n = -49 + 46. Let o be (286/39)/((-2)/n). What is the units digit of -1*(-6)/(-9)*-21*o?
4
Suppose 39*u + 2 = 40*u. Suppose 0 = 3*b - u*b - 3. Suppose -b*q = -v - 2*v - 6, 6 = -v + 2*q. What is the units digit of v?
2
Let o(i) = i**2 - 7*i - 2. Let s be o(8). Suppose 2*v + s = -5*t, -7 - 8 = 4*t + 5*v. Suppose -d = 2*l - 157, d - 309 = -4*l - t*d. What is the tens digit of l?
7
Let o(u) = -1151*u + 132. What is the units digit of o(-7)?
9
Suppose 21*o + 3*x + 20531 = 25*o, -x = o - 5131. What is the hundreds digit of o?
1
Let v be ((-26)/(-3) + 2)/((-15)/(-135)). Suppose k + v = 3*w, w - 32 = -22*k + 17*k. What is the tens digit of w?
3
Let a(v) = -109*v + 581. What is the thousands digit of a(-9)?
1
Let q = -25 + 28. Suppose -4*z - 504 = -q*a - z, z - 336 = -2*a. Suppose 2*h - 6*h - 2*j = -a, 5*h - 2*j = 210. What is the tens digit of h?
4
Let s(d) = 8*d + 567. What is the units digit of s(-5)?
7
Let w(s) = 8*s + 4. Suppose -5*v + 63 = 8. Let q = v - 5. What is the units digit of w(q)?
2
Suppose 3*z + 5 = d + 2*z, -5*z = 3*d - 7. Let s be 1/d - (-14)/8. What is the units digit of 9*(8/s - -3)?
3
Suppose 0 = 14*r + 24*r - 344926. What is the hundreds digit of r?
0
Let w(o) = -3*o - 33*o**2 - 8 + 20*o**2 + 14*o**2 + 9*o**3 - 6*o**3. What is the units digit of w(2)?
4
Let w(l) = -l**2 + 4*l - 3. Let c be w(9). Let z = c + 47. What is the units digit of 112 - (z - 0/(-3))?
3
Let s(l) = -255*l + 1131. What is the hundreds digit of s(-35)?
0
Let u(v) = -5*v - 22. Let q be u(-6). Suppose 3*h - 5*h = q, -5*g = -2*h - 2518. What is the units digit of g?
2
Let n = -3762 + 8307. What is the units digit of n?
5
Let n(u) = -3*u - 59. Let r be n(-12). Let i(c) = -6*c**2 - 149*c - 22. What is the tens digit of i(r)?
3
Suppose 2*o - 4*w - 47 = -51, 5*w = -10. What is the tens digit of (-9134)/(-10) + o/15?
1
Let i(v) = -11*v**3 - v**2 - 2*v + 235. What is the hundreds digit of i(0)?
2
Let m = -8 + 8. Let i be (-2)/(-4)*m/3. Suppose 0 = -2*f - 2*j + 12 - i, 5*f - 58 = 2*j. What is the tens digit of f?
1
Suppose -4*v + 2488 = 4*n, 5*n + 537 = 3*v - 1345. What is the units digit of v?
4
Suppose 4*k - 29*k + 210210 = -3*k. What is the thousands digit of k?
9
Let b = 6705 + -5869. What is the hundreds digit of b?
8
Let l = -29711 - -43048. What is the hundreds digit of l?
3
What is the tens digit of 5 - (-256)/(-52) - 228015/(-65)?
0
Let d = -27354 + 39816. What is the units digit of d?
2
Let p(n) = 15 - 74 + 20 + 24 + 384*n. What is the thousands digit of p(3)?
1
Let t(g) = 3 + 281*g - 83 - 70 - 103*g - 59. What is the units digit of t(6)?
9
Suppose -23*f + 60861 + 82751 = 0. What is the units digit of f?
4
Suppose -3*p - 976 = u - 6*u, -2*u - 4*p = -380. Let z = u - 36. What is the hundreds digit of z?
1
Suppose -60*z + 58*z = -5*g + 167926, 2*g = 3*z + 67155. What is the hundreds digit of g?
5
Let d(v) = 0*v**2 + 15*v + 0*v**2 - v**2 - 1 - 7. Let u be d(15). What is the ten